 a prime number?
True
Is 223418773 prime?
False
Is 36391576331 prime?
False
Is 911097433 a prime number?
True
Is 101323517 composite?
False
Is 70656451 composite?
False
Is 7996049 a prime number?
True
Is 4965558463 a prime number?
True
Is 1535772541 a prime number?
False
Is 32508607979 prime?
True
Is 145039259 a composite number?
False
Is 50164721179 a prime number?
False
Is 4659538907 a composite number?
False
Is 25963857137 prime?
True
Is 19300165019 a prime number?
False
Is 400618483 composite?
False
Is 11172007573 prime?
False
Is 107003167 composite?
True
Is 15640253947 composite?
True
Is 424561297 a composite number?
False
Is 7802849 a composite number?
False
Is 51692321 composite?
True
Is 74696345387 a prime number?
False
Is 125677249 a composite number?
True
Is 432629279 a composite number?
True
Is 256022233 a prime number?
True
Is 103434761 a prime number?
True
Is 35948869 composite?
True
Is 14762729207 a prime number?
True
Is 758637991 a prime number?
True
Is 68852539 a composite number?
True
Is 488654629 prime?
False
Is 657469213 composite?
True
Is 10221289642 composite?
True
Is 49588787 composite?
True
Is 3709549301 composite?
True
Is 893285678 a prime number?
False
Is 5221388939 composite?
True
Is 6900632993 a composite number?
False
Is 89403873971 a prime number?
False
Is 413193581 prime?
False
Is 596681485 prime?
False
Is 33978942971 a prime number?
True
Is 27887363871 a composite number?
True
Is 382080473 composite?
False
Is 12266422087 a prime number?
False
Is 263564955479 a prime number?
False
Is 2459491543 prime?
False
Is 181248187 a prime number?
True
Is 11579635797 composite?
True
Is 549880601 a prime number?
True
Is 44614831967 a composite number?
False
Is 36472860707 a prime number?
True
Is 85198829 a prime number?
False
Is 947821829 a composite number?
False
Is 128897753 prime?
True
Is 50941358609 a composite number?
True
Is 34296283409 prime?
False
Is 2227600097 a composite number?
True
Is 1234195177 composite?
True
Is 991787549 a prime number?
True
Is 757070533 composite?
False
Is 1106156563 a composite number?
False
Is 648243781 composite?
False
Is 41425099 prime?
True
Is 32744029931 a composite number?
False
Is 80990427421 a prime number?
True
Is 4355469127 a prime number?
False
Is 14568729733 a composite number?
False
Is 887978837 a composite number?
True
Is 1833689573 a composite number?
True
Is 1238161385 a prime number?
False
Is 27982304617 composite?
True
Is 2739425831 a prime number?
False
Is 495860969 a prime number?
True
Is 3067645643 prime?
True
Is 92930837 prime?
True
Is 61275115393 a prime number?
False
Is 11568365917 prime?
True
Is 110321449451 prime?
True
Is 39195905867 prime?
True
Is 381474257 a composite number?
False
Is 70022069399 a prime number?
False
Is 32693229539 composite?
False
Is 1977307097 composite?
True
Is 2255707357 a prime number?
True
Is 12805965049 prime?
False
Is 142555146577 a prime number?
False
Is 20970361 a prime number?
True
Is 14165419951 a composite number?
False
Is 66043729309 prime?
False
Is 69182905769 a prime number?
True
Is 10362619885 composite?
True
Is 2032847897 prime?
True
Is 71065506481 prime?
True
Is 2885153311 a prime number?
False
Is 1032991643 a composite number?
True
Is 4009180939 prime?
True
Is 5814681931 composite?
False
Is 128222027 a composite number?
False
Is 385978289 composite?
False
Is 10481726743 a prime number?
True
Is 32188042603 composite?
False
Is 14886777491 composite?
False
Is 144976577 composite?
False
Is 546838093 composite?
True
Is 7487815477 composite?
False
Is 19542421537 composite?
False
Is 42515670541 composite?
False
Is 113778505 prime?
False
Is 25893696067 a composite number?
True
Is 4575964417 a prime number?
False
Is 540864899 a prime number?
True
Is 276240749 a composite number?
True
Is 505313161 a composite number?
False
Is 15620754893 a composite number?
False
Is 3356355197 a prime number?
False
Is 8162681509 composite?
True
Is 24343100489 a composite number?
True
Is 6942757231 prime?
True
Is 23252627 a prime number?
False
Is 19002803209 a prime number?
False
Is 10598006791 prime?
True
Is 32103587647 composite?
True
Is 4724081 a prime number?
False
Is 240976009 composite?
False
Is 24491523169 composite?
False
Is 7822969151 prime?
True
Is 7831203683 a composite number?
True
Is 591952217 composite?
False
Is 2425706359 a composite number?
True
Is 28450942441 composite?
False
Is 73852573043 composite?
False
Is 707721019 prime?
False
Is 45672309559 composite?
False
Is 61220371451 composite?
False
Is 1378460443 composite?
True
Is 2010498419 a prime number?
True
Is 306093881 prime?
True
Is 6053567389 composite?
False
Is 738882491 a composite number?
False
Is 100825213 prime?
False
Is 3622336397 a composite number?
False
Is 12911539259 prime?
False
Is 7803327423 composite?
True
Is 236179663 a composite number?
True
Is 10147930943 a prime number?
True
Is 159613889 composite?
True
Is 71009757157 a prime number?
True
Is 539644097 a composite number?
False
Is 25064155 a prime number?
False
Is 146441639 composite?
False
Is 5651024411 a prime number?
True
Is 9071522833 prime?
False
Is 1166651711 prime?
True
Is 105910226647 prime?
True
Is 902977357 a prime number?
False
Is 173129543 a prime number?
False
Is 629108839 a composite number?
False
Is 233852123 a prime number?
False
Is 19564507237 prime?
False
Is 47884569923 a composite number?
False
Is 3472945253 a composite number?
False
Is 1197686767 a composite number?
True
Is 25397396229 prime?
False
Is 3802398433 composite?
True
Is 1222536701 prime?
True
Is 49062151 a composite number?
True
Is 2561124938 a composite number?
True
Is 2571948499 a prime number?
True
Is 54614287003 composite?
True
Is 46006783339 a prime number?
False
Is 5531430757 composite?
False
Is 270658499 composite?
False
Is 1827421667 a composite number?
True
Is 428960852893 prime?
False
Is 64156202269 a composite number?
True
Is 17316345677 composite?
False
Is 1270251614 a prime number?
False
Is 116483074553 prime?
True
Is 318975091 composite?
True
Is 940525739 a composite number?
False
Is 21941729281 composite?
False
Is 3027903841 composite?
True
Is 708600779 a prime number?
True
Is 60879697217 prime?
False
Is 362139805 a composite number?
True
Is 48351008887 a composite number?
False
Is 539909551 composite?
True
Is 15218210947 a composite number?
False
Is 2291593459 a composite number?
True
Is 21078736621 prime?
True
Is 14244746359 a composite number?
False
Is 252866435597 prime?
True
Is 53508525547 composite?
False
Is 24652408355 a prime number?
False
Is 1069256359 a composite number?
True
Is 29481492479 a prime number?
False
Is 2398308593 a composite number?
True
Is 4451354021 a composite number?
True
Is 16662926827 composite?
False
Is 562050323083 a prime number?
False
Is 24830042889 prime?
False
Is 8678237021 a composite number?
False
Is 3437345573 prime?
False
Is 35063691805 a prime number?
False
Is 318890929685 prime?
False
Is 996679741 composite?
False
Is 289212751 prime?
False
Is 16570428397 a composite number?
False
Is 618028321 a composite number?
False
Is 2390814553 prime?
True
Is 5651337911 a composite number?
True
Is 2570210303 a prime number?
True
Is 15899080229 a composite number?
False
Is 302504747 a prime number?
False
Is 454596773 prime?
True
Is 110856275581 prime?
True
Is 53895869 prime?
True
Is 20747809 a composite number?
False
Is 22217250673 composite?
True
Is 1681560079 a prime number?
True
Is 1333079831 a prime number?
False
Is 29779732979 composite?
False
Is 1067377163 prime?
False
Is 4179170317 composite?
True
Is 11005357313 a composite number?
True
Is 809345989 a prime number?
False
Is 46988606429 composite?
True
Is 1408897051 prime?
False
Is 25905954787 a prime number?
True
Is 1427522221 a prime number?
True
Is 7153934479 composite?
False
Is 1142473571 prime?
True
Is 89824633 prime?
True
Is 1619280841 prime?
True
Is 1245491657 composite?
False
Is 163903509169 composite?
False
Is 11205751289 composite?
True
Is 2246574355 a prime number?
False
Is 14669536619 a composite number?
True
Is 3907223777 prime?
False
Is 13321328387 composite?
False
Is 649655717 prime?
True
Is 12607491927 a composite number?
True
Is 269314057 prime?
False
Is 3965918387 a prime number?
False
Is 1705817635 a prime number?
Fal